{"id":26987,"date":"2024-12-17T09:29:53","date_gmt":"2024-12-17T12:29:53","guid":{"rendered":"https:\/\/www.fi.uncoma.edu.ar\/?page_id=26987"},"modified":"2026-04-28T16:03:15","modified_gmt":"2026-04-28T19:03:15","slug":"solicitud-de-titulo","status":"publish","type":"page","link":"https:\/\/www.fi.uncoma.edu.ar\/index.php\/solicitud-de-titulo\/","title":{"rendered":"Solicitud de T\u00edtulo de Pregrado y Grado."},"content":{"rendered":"\t\t<div data-elementor-type=\"wp-page\" data-elementor-id=\"26987\" class=\"elementor elementor-26987\">\n\t\t\t\t\t\t\t\t\t<section class=\"elementor-section elementor-top-section elementor-element elementor-element-598f50e6 elementor-section-boxed elementor-section-height-default elementor-section-height-default\" data-id=\"598f50e6\" data-element_type=\"section\">\n\t\t\t\t\t\t<div class=\"elementor-container elementor-column-gap-default\">\n\t\t\t\t\t<div class=\"elementor-column elementor-col-100 elementor-top-column elementor-element elementor-element-52fb1527\" data-id=\"52fb1527\" data-element_type=\"column\">\n\t\t\t<div class=\"elementor-widget-wrap elementor-element-populated\">\n\t\t\t\t\t\t\t\t<div class=\"elementor-element elementor-element-1b73c497 elementor-widget elementor-widget-text-editor\" data-id=\"1b73c497\" data-element_type=\"widget\" data-widget_type=\"text-editor.default\">\n\t\t\t\t<div class=\"elementor-widget-container\">\n\t\t\t<style>\/*! elementor - v3.6.7 - 03-07-2022 *\/\n.elementor-widget-text-editor.elementor-drop-cap-view-stacked .elementor-drop-cap{background-color:#818a91;color:#fff}.elementor-widget-text-editor.elementor-drop-cap-view-framed .elementor-drop-cap{color:#818a91;border:3px solid;background-color:transparent}.elementor-widget-text-editor:not(.elementor-drop-cap-view-default) .elementor-drop-cap{margin-top:8px}.elementor-widget-text-editor:not(.elementor-drop-cap-view-default) .elementor-drop-cap-letter{width:1em;height:1em}.elementor-widget-text-editor .elementor-drop-cap{float:left;text-align:center;line-height:1;font-size:50px}.elementor-widget-text-editor .elementor-drop-cap-letter{display:inline-block}<\/style>\t\t\t\t<p><!-- wp:paragraph --><\/p>\n<p><strong>\u00a0 Requisitos:<\/strong><\/p>\n<p><span style=\"color: #000000;\"><span style=\"font-family: Roboto, sans-serif;\"><span style=\"font-size: medium;\">\u00a0 &#8211; Haber aprobado todas las asignaturas del Plan de Estudio.<\/span><\/span><\/span><\/p>\n<p><span style=\"color: #000000;\"><span style=\"font-family: Roboto, sans-serif;\"><span style=\"font-size: medium;\">\u00a0 &#8211; Tener el legajo completo.<\/span><\/span><\/span><\/p>\n<p><strong><span style=\"color: #000000;\"><span style=\"font-family: Roboto, sans-serif;\"><span style=\"font-size: medium;\"><b>\u00a0 Tr\u00e1mite:<\/b><\/span><\/span><\/span><\/strong><\/p>\n<p><span style=\"color: #000000;\"><span style=\"font-family: var e-global-typography-text-font-family, Sans-serif;\"><span style=\"font-size: medium;\">\u00a0 Ten\u00e9s que dirigirte personalmente <\/span><\/span><\/span><span style=\"color: #000000;\"><span style=\"font-family: var e-global-typography-text-font-family, Sans-serif;\"><span style=\"font-size: medium;\">al <\/span><\/span><\/span><strong><span style=\"color: #000000;\"><span style=\"font-family: var e-global-typography-text-font-family, Sans-serif;\"><span style=\"font-size: medium;\"><b>Departamento de Alumnos de la FAI<\/b><\/span><\/span><\/span><\/strong><strong><span style=\"color: #000000;\"><span style=\"font-family: Roboto, sans-serif;\"><span style=\"font-size: medium;\">,<\/span><\/span><\/span><\/strong><span style=\"color: #000000;\"><span style=\"font-family: var e-global-typography-text-font-family, Sans-serif;\"><span style=\"font-size: medium;\"> con la siguiente documentaci\u00f3n:<\/span><\/span><\/span><\/p>\n<p>\u00a0 &#8211; Traer el DNI y fotocopia ampliada del DNI (no escaneo): Frente del DNI tama\u00f1o A4, dorso del DNI tama\u00f1o A4.<\/p>\n<p><span style=\"color: #000000;\"><span style=\"font-family: Roboto, sans-serif;\"><span style=\"font-size: medium;\">\u00a0 &#8211; Traer el T\u00edtulo Secundario y fotocopia del T\u00edtulo Secundario y Certificado Anal\u00edtico o una impresi\u00f3n del T\u00edtulo Secundario formato digital con el QR correspondiente.<\/span><\/span><\/span><\/p>\n<p><span style=\"color: #000000;\"><span style=\"font-family: Roboto, sans-serif;\"><span style=\"font-size: medium;\">\u00a0 &#8211; Habr\u00e1 dos formularios m\u00e1s para completar en el momento, con tus datos personales.<\/span><\/span><\/span><\/p>\n<h6><strong>\u00a0 \u00a0 Horarios de atenci\u00f3n<\/strong>: lunes a viernes de 10 hs. a 16 hs.<\/h6>\n<p><strong><span style=\"color: #000000;\"><span style=\"font-family: Roboto, sans-serif;\"><span style=\"font-size: medium;\">\u00a0 \u00a0 Cualquier consulta comunicate al correo <a href=\"mailto:dpto.alumnos@fi.uncoma.edu.ar\">dpto.alumnos@fi.uncoma.edu.ar<\/a> o al tel\u00e9fono (0299) 449 0300 int 433.<\/span><\/span><\/span><\/strong><\/p>\n<p><!-- \/wp:paragraph --><!-- wp:paragraph --><\/p>\n<p><!-- \/wp:paragraph --><!-- wp:paragraph --><\/p>\n<p><!-- \/wp:paragraph --><\/p>\t\t\t\t\t\t<\/div>\n\t\t\t\t<\/div>\n\t\t\t\t\t<\/div>\n\t\t<\/div>\n\t\t\t\t\t\t\t<\/div>\n\t\t<\/section>\n\t\t\t\t\t\t\t<\/div>\n\t\t","protected":false},"excerpt":{"rendered":"<p>\u00a0 Requisitos: \u00a0 &#8211; Haber aprobado todas las asignaturas del Plan de Estudio. \u00a0 &#8211; Tener el legajo completo. \u00a0 Tr\u00e1mite: \u00a0 Ten\u00e9s que dirigirte personalmente al Departamento de Alumnos de la FAI, con la siguiente documentaci\u00f3n: \u00a0 &#8211; Traer el DNI y fotocopia ampliada del DNI (no escaneo): Frente del DNI tama\u00f1o A4, dorso &hellip;<\/p>\n<p class=\"read-more\"> <a class=\"\" href=\"https:\/\/www.fi.uncoma.edu.ar\/index.php\/solicitud-de-titulo\/\"> <span class=\"screen-reader-text\">Solicitud de T\u00edtulo de Pregrado y Grado.<\/span> Leer m\u00e1s &raquo;<\/a><\/p>\n","protected":false},"author":10,"featured_media":0,"parent":0,"menu_order":0,"comment_status":"closed","ping_status":"closed","template":"","meta":{"site-sidebar-layout":"default","site-content-layout":"default","ast-global-header-display":"","ast-main-header-display":"","ast-hfb-above-header-display":"","ast-hfb-below-header-display":"","ast-hfb-mobile-header-display":"","site-post-title":"","ast-breadcrumbs-content":"","ast-featured-img":"","footer-sml-layout":"","theme-transparent-header-meta":"","adv-header-id-meta":"","stick-header-meta":"","header-above-stick-meta":"","header-main-stick-meta":"","header-below-stick-meta":""},"uagb_featured_image_src":{"full":false,"thumbnail":false,"medium":false,"medium_large":false,"large":false,"1536x1536":false,"2048x2048":false},"uagb_author_info":{"display_name":"Nahuel Mamani","author_link":"https:\/\/www.fi.uncoma.edu.ar\/index.php\/author\/nahuel-mamani\/"},"uagb_comment_info":0,"uagb_excerpt":"\u00a0 Requisitos: \u00a0 &#8211; Haber aprobado todas las asignaturas del Plan de Estudio. \u00a0 &#8211; Tener el legajo completo. \u00a0 Tr\u00e1mite: \u00a0 Ten\u00e9s que dirigirte personalmente al Departamento de Alumnos de la FAI, con la siguiente documentaci\u00f3n: \u00a0 &#8211; Traer el DNI y fotocopia ampliada del DNI (no escaneo): Frente del DNI tama\u00f1o A4, dorso&hellip;","_links":{"self":[{"href":"https:\/\/www.fi.uncoma.edu.ar\/index.php\/wp-json\/wp\/v2\/pages\/26987"}],"collection":[{"href":"https:\/\/www.fi.uncoma.edu.ar\/index.php\/wp-json\/wp\/v2\/pages"}],"about":[{"href":"https:\/\/www.fi.uncoma.edu.ar\/index.php\/wp-json\/wp\/v2\/types\/page"}],"author":[{"embeddable":true,"href":"https:\/\/www.fi.uncoma.edu.ar\/index.php\/wp-json\/wp\/v2\/users\/10"}],"replies":[{"embeddable":true,"href":"https:\/\/www.fi.uncoma.edu.ar\/index.php\/wp-json\/wp\/v2\/comments?post=26987"}],"version-history":[{"count":30,"href":"https:\/\/www.fi.uncoma.edu.ar\/index.php\/wp-json\/wp\/v2\/pages\/26987\/revisions"}],"predecessor-version":[{"id":31096,"href":"https:\/\/www.fi.uncoma.edu.ar\/index.php\/wp-json\/wp\/v2\/pages\/26987\/revisions\/31096"}],"wp:attachment":[{"href":"https:\/\/www.fi.uncoma.edu.ar\/index.php\/wp-json\/wp\/v2\/media?parent=26987"}],"curies":[{"name":"wp","href":"https:\/\/api.w.org\/{rel}","templated":true}]}}