{"id":700,"date":"2015-07-28T14:24:17","date_gmt":"2015-07-28T14:24:17","guid":{"rendered":"http:\/\/ijandev-test.fi.uncoma.edu.ar\/Wordpress\/index.php\/2015\/07\/28\/conferencias-y-congresos-2015\/"},"modified":"2024-02-22T13:29:10","modified_gmt":"2024-02-22T16:29:10","slug":"investigacion-y-postgrado-83-investigacion-y-postgrado-becas-613-conferencias-y-congresos-2015","status":"publish","type":"page","link":"https:\/\/www.fi.uncoma.edu.ar\/index.php\/investigacion-y-postgrado-83-investigacion-y-postgrado-becas-613-conferencias-y-congresos-2015\/","title":{"rendered":"Conferencias y Congresos de Investigacio\u00f3n"},"content":{"rendered":"\t\t<div data-elementor-type=\"wp-page\" data-elementor-id=\"700\" class=\"elementor elementor-700\">\n\t\t\t\t\t\t\t\t\t<section class=\"elementor-section elementor-top-section elementor-element elementor-element-78972fe elementor-section-boxed elementor-section-height-default elementor-section-height-default\" data-id=\"78972fe\" data-element_type=\"section\">\n\t\t\t\t\t\t<div class=\"elementor-container elementor-column-gap-default\">\n\t\t\t\t\t<div class=\"elementor-column elementor-col-100 elementor-top-column elementor-element elementor-element-8e275b7\" data-id=\"8e275b7\" data-element_type=\"column\">\n\t\t\t<div class=\"elementor-widget-wrap elementor-element-populated\">\n\t\t\t\t\t\t\t\t<div class=\"elementor-element elementor-element-aad5444 elementor-widget elementor-widget-heading\" data-id=\"aad5444\" data-element_type=\"widget\" data-widget_type=\"heading.default\">\n\t\t\t\t<div class=\"elementor-widget-container\">\n\t\t\t<style>\/*! elementor - v3.6.7 - 03-07-2022 *\/\n.elementor-heading-title{padding:0;margin:0;line-height:1}.elementor-widget-heading .elementor-heading-title[class*=elementor-size-]>a{color:inherit;font-size:inherit;line-height:inherit}.elementor-widget-heading .elementor-heading-title.elementor-size-small{font-size:15px}.elementor-widget-heading .elementor-heading-title.elementor-size-medium{font-size:19px}.elementor-widget-heading .elementor-heading-title.elementor-size-large{font-size:29px}.elementor-widget-heading .elementor-heading-title.elementor-size-xl{font-size:39px}.elementor-widget-heading .elementor-heading-title.elementor-size-xxl{font-size:59px}<\/style><h2 class=\"elementor-heading-title elementor-size-default\">Conferencias <\/h2>\t\t<\/div>\n\t\t\t\t<\/div>\n\t\t\t\t<div class=\"elementor-element elementor-element-4610638 elementor-widget elementor-widget-heading\" data-id=\"4610638\" data-element_type=\"widget\" data-widget_type=\"heading.default\">\n\t\t\t\t<div class=\"elementor-widget-container\">\n\t\t\t<h4 class=\"elementor-heading-title elementor-size-default\">Pr\u00f3ximos eventos<\/h4>\t\t<\/div>\n\t\t\t\t<\/div>\n\t\t\t\t<div class=\"elementor-element elementor-element-0cbce75 elementor-grid-4 elementor-grid-tablet-2 elementor-grid-mobile-1 elementor-posts--thumbnail-top elementor-card-shadow-yes elementor-posts__hover-gradient elementor-widget elementor-widget-posts\" data-id=\"0cbce75\" data-element_type=\"widget\" data-settings=\"{&quot;cards_columns&quot;:&quot;4&quot;,&quot;pagination_type&quot;:&quot;numbers&quot;,&quot;cards_columns_tablet&quot;:&quot;2&quot;,&quot;cards_columns_mobile&quot;:&quot;1&quot;,&quot;cards_row_gap&quot;:{&quot;unit&quot;:&quot;px&quot;,&quot;size&quot;:35,&quot;sizes&quot;:[]},&quot;cards_row_gap_laptop&quot;:{&quot;unit&quot;:&quot;px&quot;,&quot;size&quot;:&quot;&quot;,&quot;sizes&quot;:[]},&quot;cards_row_gap_tablet&quot;:{&quot;unit&quot;:&quot;px&quot;,&quot;size&quot;:&quot;&quot;,&quot;sizes&quot;:[]},&quot;cards_row_gap_mobile&quot;:{&quot;unit&quot;:&quot;px&quot;,&quot;size&quot;:&quot;&quot;,&quot;sizes&quot;:[]}}\" data-widget_type=\"posts.cards\">\n\t\t\t\t<div class=\"elementor-widget-container\">\n\t\t\t<link rel=\"stylesheet\" href=\"https:\/\/www.fi.uncoma.edu.ar\/wp-content\/plugins\/elementor-pro\/assets\/css\/widget-posts.min.css\">\t\t<div class=\"elementor-posts-container elementor-posts elementor-posts--skin-cards elementor-grid\">\n\t\t\t\t<article class=\"elementor-post elementor-grid-item post-28962 post type-post status-publish format-standard has-post-thumbnail hentry category-conferencias-investigacion category-novedades tag-prensa-investigacion\">\n\t\t\t<div class=\"elementor-post__card\">\n\t\t\t\t<a class=\"elementor-post__thumbnail__link\" href=\"https:\/\/www.fi.uncoma.edu.ar\/index.php\/novedades\/iv-workshop-ensenanza-en-escenarios-digitales-ivweed\/\" ><div class=\"elementor-post__thumbnail\"><img width=\"212\" height=\"300\" src=\"https:\/\/www.fi.uncoma.edu.ar\/wp-content\/uploads\/2025\/09\/AFICHE-WEED-2025-212x300.png\" class=\"attachment-medium size-medium\" alt=\"\" loading=\"lazy\" srcset=\"https:\/\/www.fi.uncoma.edu.ar\/wp-content\/uploads\/2025\/09\/AFICHE-WEED-2025-212x300.png 212w, https:\/\/www.fi.uncoma.edu.ar\/wp-content\/uploads\/2025\/09\/AFICHE-WEED-2025-724x1024.png 724w, https:\/\/www.fi.uncoma.edu.ar\/wp-content\/uploads\/2025\/09\/AFICHE-WEED-2025-768x1086.png 768w, https:\/\/www.fi.uncoma.edu.ar\/wp-content\/uploads\/2025\/09\/AFICHE-WEED-2025-1086x1536.png 1086w, https:\/\/www.fi.uncoma.edu.ar\/wp-content\/uploads\/2025\/09\/AFICHE-WEED-2025-1448x2048.png 1448w, https:\/\/www.fi.uncoma.edu.ar\/wp-content\/uploads\/2025\/09\/AFICHE-WEED-2025.png 1587w\" sizes=\"(max-width: 212px) 100vw, 212px\" \/><\/div><\/a>\n\t\t\t\t<div class=\"elementor-post__text\">\n\t\t\t\t<h3 class=\"elementor-post__title\">\n\t\t\t<a href=\"https:\/\/www.fi.uncoma.edu.ar\/index.php\/novedades\/iv-workshop-ensenanza-en-escenarios-digitales-ivweed\/\" >\n\t\t\t\tIV Workshop \u00abEnse\u00f1anza en Escenarios Digitales\u00bb IVWEED\t\t\t<\/a>\n\t\t<\/h3>\n\t\t\t\t<div class=\"elementor-post__excerpt\">\n\t\t\t<p>IV Workshop \u00abEnse\u00f1anza en Escenarios Digitales\u00bb IVWEED<br \/>\n29, 30 y 31 de octubre de 2025<br \/>\nFacultad de Inform\u00e1tica &#8211; UNCOMA<br \/>\nNeuqu\u00e9n, Argentina<\/p>\n\t\t<\/div>\n\t\t\t\t<\/div>\n\t\t\t\t\t<\/div>\n\t\t<\/article>\n\t\t\t\t<article class=\"elementor-post elementor-grid-item post-25967 post type-post status-publish format-standard has-post-thumbnail hentry category-conferencias-investigacion category-novedades tag-prensa-investigacion\">\n\t\t\t<div class=\"elementor-post__card\">\n\t\t\t\t<a class=\"elementor-post__thumbnail__link\" href=\"https:\/\/www.fi.uncoma.edu.ar\/index.php\/novedades\/inicio-iii-workshop-ensenanza-en-escenarios-digitales-iiiweed\/\" ><div class=\"elementor-post__thumbnail\"><img width=\"300\" height=\"176\" src=\"https:\/\/www.fi.uncoma.edu.ar\/wp-content\/uploads\/2024\/09\/logoWEED-300x176.png\" class=\"attachment-medium size-medium\" alt=\"\" loading=\"lazy\" srcset=\"https:\/\/www.fi.uncoma.edu.ar\/wp-content\/uploads\/2024\/09\/logoWEED-300x176.png 300w, https:\/\/www.fi.uncoma.edu.ar\/wp-content\/uploads\/2024\/09\/logoWEED.png 482w\" sizes=\"(max-width: 300px) 100vw, 300px\" \/><\/div><\/a>\n\t\t\t\t<div class=\"elementor-post__text\">\n\t\t\t\t<h3 class=\"elementor-post__title\">\n\t\t\t<a href=\"https:\/\/www.fi.uncoma.edu.ar\/index.php\/novedades\/inicio-iii-workshop-ensenanza-en-escenarios-digitales-iiiweed\/\" >\n\t\t\t\tInicio III Workshop \u00abEnse\u00f1anza en Escenarios Digitales\u00bb IIIWEED\t\t\t<\/a>\n\t\t<\/h3>\n\t\t\t\t<div class=\"elementor-post__excerpt\">\n\t\t\t<p>III Workshop \u00abEnse\u00f1anza en Escenarios Digitales\u00bb IIWEED<br \/>\n25, 26 y 27 de septiembre de 2024<br \/>\nFacultad de Inform\u00e1tica &#8211; UNCOMA<br \/>\nNeuqu\u00e9n, Argentina<\/p>\n\t\t<\/div>\n\t\t\t\t<\/div>\n\t\t\t\t\t<\/div>\n\t\t<\/article>\n\t\t\t\t<article class=\"elementor-post elementor-grid-item post-25402 post type-post status-publish format-standard has-post-thumbnail hentry category-conferencias-investigacion category-novedades tag-prensa-investigacion\">\n\t\t\t<div class=\"elementor-post__card\">\n\t\t\t\t<a class=\"elementor-post__thumbnail__link\" href=\"https:\/\/www.fi.uncoma.edu.ar\/index.php\/novedades\/iii-workshop-ensenanza-en-escenarios-digitales-iiiweed\/\" ><div class=\"elementor-post__thumbnail\"><img width=\"212\" height=\"300\" src=\"https:\/\/www.fi.uncoma.edu.ar\/wp-content\/uploads\/2024\/08\/AFICHE-WEED_2024-212x300.png\" class=\"attachment-medium size-medium\" alt=\"\" loading=\"lazy\" srcset=\"https:\/\/www.fi.uncoma.edu.ar\/wp-content\/uploads\/2024\/08\/AFICHE-WEED_2024-212x300.png 212w, https:\/\/www.fi.uncoma.edu.ar\/wp-content\/uploads\/2024\/08\/AFICHE-WEED_2024-724x1024.png 724w, https:\/\/www.fi.uncoma.edu.ar\/wp-content\/uploads\/2024\/08\/AFICHE-WEED_2024-768x1086.png 768w, https:\/\/www.fi.uncoma.edu.ar\/wp-content\/uploads\/2024\/08\/AFICHE-WEED_2024-1086x1536.png 1086w, https:\/\/www.fi.uncoma.edu.ar\/wp-content\/uploads\/2024\/08\/AFICHE-WEED_2024-1448x2048.png 1448w, https:\/\/www.fi.uncoma.edu.ar\/wp-content\/uploads\/2024\/08\/AFICHE-WEED_2024.png 1587w\" sizes=\"(max-width: 212px) 100vw, 212px\" \/><\/div><\/a>\n\t\t\t\t<div class=\"elementor-post__text\">\n\t\t\t\t<h3 class=\"elementor-post__title\">\n\t\t\t<a href=\"https:\/\/www.fi.uncoma.edu.ar\/index.php\/novedades\/iii-workshop-ensenanza-en-escenarios-digitales-iiiweed\/\" >\n\t\t\t\tIII Workshop \u00abEnse\u00f1anza en Escenarios Digitales\u00bb IIIWEED\t\t\t<\/a>\n\t\t<\/h3>\n\t\t\t\t<div class=\"elementor-post__excerpt\">\n\t\t\t<p>III Workshop \u00abEnse\u00f1anza en Escenarios Digitales\u00bb IIWEED<br \/>\n25, 26 y 27 de septiembre de 2024<br \/>\nFacultad de Inform\u00e1tica &#8211; UNCOMA<br \/>\nNeuqu\u00e9n, Argentina<\/p>\n\t\t<\/div>\n\t\t\t\t<\/div>\n\t\t\t\t\t<\/div>\n\t\t<\/article>\n\t\t\t\t<article class=\"elementor-post elementor-grid-item post-23814 post type-post status-publish format-standard has-post-thumbnail hentry category-conferencias-investigacion tag-prensa-investigacion\">\n\t\t\t<div class=\"elementor-post__card\">\n\t\t\t\t<a class=\"elementor-post__thumbnail__link\" href=\"https:\/\/www.fi.uncoma.edu.ar\/index.php\/investigacion-y-postgrado\/conferencias-investigacion\/xii-jornadas-argentinas-de-robotica-jar-2024\/\" ><div class=\"elementor-post__thumbnail\"><img width=\"300\" height=\"300\" src=\"https:\/\/www.fi.uncoma.edu.ar\/wp-content\/uploads\/2024\/02\/Conference-rafiki-300x300.png\" class=\"attachment-medium size-medium\" alt=\"\" loading=\"lazy\" srcset=\"https:\/\/www.fi.uncoma.edu.ar\/wp-content\/uploads\/2024\/02\/Conference-rafiki-300x300.png 300w, https:\/\/www.fi.uncoma.edu.ar\/wp-content\/uploads\/2024\/02\/Conference-rafiki-1024x1024.png 1024w, https:\/\/www.fi.uncoma.edu.ar\/wp-content\/uploads\/2024\/02\/Conference-rafiki-150x150.png 150w, https:\/\/www.fi.uncoma.edu.ar\/wp-content\/uploads\/2024\/02\/Conference-rafiki-768x768.png 768w, https:\/\/www.fi.uncoma.edu.ar\/wp-content\/uploads\/2024\/02\/Conference-rafiki-1536x1536.png 1536w, https:\/\/www.fi.uncoma.edu.ar\/wp-content\/uploads\/2024\/02\/Conference-rafiki.png 2000w\" sizes=\"(max-width: 300px) 100vw, 300px\" \/><\/div><\/a>\n\t\t\t\t<div class=\"elementor-post__text\">\n\t\t\t\t<h3 class=\"elementor-post__title\">\n\t\t\t<a href=\"https:\/\/www.fi.uncoma.edu.ar\/index.php\/investigacion-y-postgrado\/conferencias-investigacion\/xii-jornadas-argentinas-de-robotica-jar-2024\/\" >\n\t\t\t\tXII Jornadas Argentinas de Rob\u00f3tica &#8211; JAR 2024\t\t\t<\/a>\n\t\t<\/h3>\n\t\t\t\t<div class=\"elementor-post__excerpt\">\n\t\t\t<p>04 al 07 junio de 2024<br \/>\nUniversidad de Buenos Aires<br \/>\nCiudad Aut\u00f3noma de Buenos Aires<\/p>\n\t\t<\/div>\n\t\t\t\t<\/div>\n\t\t\t\t\t<\/div>\n\t\t<\/article>\n\t\t\t\t<article class=\"elementor-post elementor-grid-item post-23655 post type-post status-publish format-standard has-post-thumbnail hentry category-conferencias-investigacion category-novedades tag-prensa-investigacion\">\n\t\t\t<div class=\"elementor-post__card\">\n\t\t\t\t<a class=\"elementor-post__thumbnail__link\" href=\"https:\/\/www.fi.uncoma.edu.ar\/index.php\/novedades\/latin-american-women-in-computing-congress-lawcc-2024\/\" ><div class=\"elementor-post__thumbnail\"><img width=\"300\" height=\"300\" src=\"https:\/\/www.fi.uncoma.edu.ar\/wp-content\/uploads\/2024\/02\/Conference-rafiki-300x300.png\" class=\"attachment-medium size-medium\" alt=\"\" loading=\"lazy\" srcset=\"https:\/\/www.fi.uncoma.edu.ar\/wp-content\/uploads\/2024\/02\/Conference-rafiki-300x300.png 300w, https:\/\/www.fi.uncoma.edu.ar\/wp-content\/uploads\/2024\/02\/Conference-rafiki-1024x1024.png 1024w, https:\/\/www.fi.uncoma.edu.ar\/wp-content\/uploads\/2024\/02\/Conference-rafiki-150x150.png 150w, https:\/\/www.fi.uncoma.edu.ar\/wp-content\/uploads\/2024\/02\/Conference-rafiki-768x768.png 768w, https:\/\/www.fi.uncoma.edu.ar\/wp-content\/uploads\/2024\/02\/Conference-rafiki-1536x1536.png 1536w, https:\/\/www.fi.uncoma.edu.ar\/wp-content\/uploads\/2024\/02\/Conference-rafiki.png 2000w\" sizes=\"(max-width: 300px) 100vw, 300px\" \/><\/div><\/a>\n\t\t\t\t<div class=\"elementor-post__text\">\n\t\t\t\t<h3 class=\"elementor-post__title\">\n\t\t\t<a href=\"https:\/\/www.fi.uncoma.edu.ar\/index.php\/novedades\/latin-american-women-in-computing-congress-lawcc-2024\/\" >\n\t\t\t\tLatin American Women in Computing Congress &#8211; LAWCC 2024\t\t\t<\/a>\n\t\t<\/h3>\n\t\t\t\t<div class=\"elementor-post__excerpt\">\n\t\t\t<p>12 al 16 agosto de 2024<br \/>\nUniversidad Nacional del Sur<br \/>\nBah\u00eda Blanca<\/p>\n\t\t<\/div>\n\t\t\t\t<\/div>\n\t\t\t\t\t<\/div>\n\t\t<\/article>\n\t\t\t\t<article class=\"elementor-post elementor-grid-item post-23649 post type-post status-publish format-standard has-post-thumbnail hentry category-conferencias-investigacion category-novedades tag-prensa-investigacion\">\n\t\t\t<div class=\"elementor-post__card\">\n\t\t\t\t<a class=\"elementor-post__thumbnail__link\" href=\"https:\/\/www.fi.uncoma.edu.ar\/index.php\/novedades\/50-conferencia-latinoamericana-de-informatica-clei-2024\/\" ><div class=\"elementor-post__thumbnail\"><img width=\"300\" height=\"300\" src=\"https:\/\/www.fi.uncoma.edu.ar\/wp-content\/uploads\/2024\/02\/Conference-rafiki-300x300.png\" class=\"attachment-medium size-medium\" alt=\"\" loading=\"lazy\" srcset=\"https:\/\/www.fi.uncoma.edu.ar\/wp-content\/uploads\/2024\/02\/Conference-rafiki-300x300.png 300w, https:\/\/www.fi.uncoma.edu.ar\/wp-content\/uploads\/2024\/02\/Conference-rafiki-1024x1024.png 1024w, https:\/\/www.fi.uncoma.edu.ar\/wp-content\/uploads\/2024\/02\/Conference-rafiki-150x150.png 150w, https:\/\/www.fi.uncoma.edu.ar\/wp-content\/uploads\/2024\/02\/Conference-rafiki-768x768.png 768w, https:\/\/www.fi.uncoma.edu.ar\/wp-content\/uploads\/2024\/02\/Conference-rafiki-1536x1536.png 1536w, https:\/\/www.fi.uncoma.edu.ar\/wp-content\/uploads\/2024\/02\/Conference-rafiki.png 2000w\" sizes=\"(max-width: 300px) 100vw, 300px\" \/><\/div><\/a>\n\t\t\t\t<div class=\"elementor-post__text\">\n\t\t\t\t<h3 class=\"elementor-post__title\">\n\t\t\t<a href=\"https:\/\/www.fi.uncoma.edu.ar\/index.php\/novedades\/50-conferencia-latinoamericana-de-informatica-clei-2024\/\" >\n\t\t\t\t50\u00b0 Conferencia Latinoamericana de Inform\u00e1tica &#8211; CLEI 2024\t\t\t<\/a>\n\t\t<\/h3>\n\t\t\t\t<div class=\"elementor-post__excerpt\">\n\t\t\t<p>12 al 16 agosto de 2024<br \/>\nUniversidad Nacional del Sur<br \/>\nBah\u00eda Blanca<\/p>\n\t\t<\/div>\n\t\t\t\t<\/div>\n\t\t\t\t\t<\/div>\n\t\t<\/article>\n\t\t\t\t<article class=\"elementor-post elementor-grid-item post-23643 post type-post status-publish format-standard has-post-thumbnail hentry category-conferencias-investigacion category-novedades tag-prensa-investigacion\">\n\t\t\t<div class=\"elementor-post__card\">\n\t\t\t\t<a class=\"elementor-post__thumbnail__link\" href=\"https:\/\/www.fi.uncoma.edu.ar\/index.php\/novedades\/53jornadas-argentinas-de-informatica-jaiio-2024\/\" ><div class=\"elementor-post__thumbnail\"><img width=\"300\" height=\"300\" src=\"https:\/\/www.fi.uncoma.edu.ar\/wp-content\/uploads\/2024\/02\/Conference-rafiki-300x300.png\" class=\"attachment-medium size-medium\" alt=\"\" loading=\"lazy\" srcset=\"https:\/\/www.fi.uncoma.edu.ar\/wp-content\/uploads\/2024\/02\/Conference-rafiki-300x300.png 300w, https:\/\/www.fi.uncoma.edu.ar\/wp-content\/uploads\/2024\/02\/Conference-rafiki-1024x1024.png 1024w, https:\/\/www.fi.uncoma.edu.ar\/wp-content\/uploads\/2024\/02\/Conference-rafiki-150x150.png 150w, https:\/\/www.fi.uncoma.edu.ar\/wp-content\/uploads\/2024\/02\/Conference-rafiki-768x768.png 768w, https:\/\/www.fi.uncoma.edu.ar\/wp-content\/uploads\/2024\/02\/Conference-rafiki-1536x1536.png 1536w, https:\/\/www.fi.uncoma.edu.ar\/wp-content\/uploads\/2024\/02\/Conference-rafiki.png 2000w\" sizes=\"(max-width: 300px) 100vw, 300px\" \/><\/div><\/a>\n\t\t\t\t<div class=\"elementor-post__text\">\n\t\t\t\t<h3 class=\"elementor-post__title\">\n\t\t\t<a href=\"https:\/\/www.fi.uncoma.edu.ar\/index.php\/novedades\/53jornadas-argentinas-de-informatica-jaiio-2024\/\" >\n\t\t\t\t53\u00b0Jornadas Argentinas de Inform\u00e1tica &#8211; JAIIO 2024\t\t\t<\/a>\n\t\t<\/h3>\n\t\t\t\t<div class=\"elementor-post__excerpt\">\n\t\t\t<p>12 al 16 agosto de 2024<br \/>\nUniversidad Nacional del Sur<br \/>\nBah\u00eda Blanca<\/p>\n\t\t<\/div>\n\t\t\t\t<\/div>\n\t\t\t\t\t<\/div>\n\t\t<\/article>\n\t\t\t\t<article class=\"elementor-post elementor-grid-item post-23609 post type-post status-publish format-standard has-post-thumbnail hentry category-conferencias-investigacion category-novedades tag-prensa-investigacion\">\n\t\t\t<div class=\"elementor-post__card\">\n\t\t\t\t<a class=\"elementor-post__thumbnail__link\" href=\"https:\/\/www.fi.uncoma.edu.ar\/index.php\/novedades\/xxx-congreso-argentino-de-ciencias-de-la-computacion-cacic-2024\/\" ><div class=\"elementor-post__thumbnail\"><img width=\"300\" height=\"300\" src=\"https:\/\/www.fi.uncoma.edu.ar\/wp-content\/uploads\/2024\/02\/Conference-rafiki-300x300.png\" class=\"attachment-medium size-medium\" alt=\"\" loading=\"lazy\" srcset=\"https:\/\/www.fi.uncoma.edu.ar\/wp-content\/uploads\/2024\/02\/Conference-rafiki-300x300.png 300w, https:\/\/www.fi.uncoma.edu.ar\/wp-content\/uploads\/2024\/02\/Conference-rafiki-1024x1024.png 1024w, https:\/\/www.fi.uncoma.edu.ar\/wp-content\/uploads\/2024\/02\/Conference-rafiki-150x150.png 150w, https:\/\/www.fi.uncoma.edu.ar\/wp-content\/uploads\/2024\/02\/Conference-rafiki-768x768.png 768w, https:\/\/www.fi.uncoma.edu.ar\/wp-content\/uploads\/2024\/02\/Conference-rafiki-1536x1536.png 1536w, https:\/\/www.fi.uncoma.edu.ar\/wp-content\/uploads\/2024\/02\/Conference-rafiki.png 2000w\" sizes=\"(max-width: 300px) 100vw, 300px\" \/><\/div><\/a>\n\t\t\t\t<div class=\"elementor-post__text\">\n\t\t\t\t<h3 class=\"elementor-post__title\">\n\t\t\t<a href=\"https:\/\/www.fi.uncoma.edu.ar\/index.php\/novedades\/xxx-congreso-argentino-de-ciencias-de-la-computacion-cacic-2024\/\" >\n\t\t\t\tXXX Congreso Argentino de Ciencias de la Computaci\u00f3n &#8211; CACIC 2024\t\t\t<\/a>\n\t\t<\/h3>\n\t\t\t\t<div class=\"elementor-post__excerpt\">\n\t\t\t<p>07 al 11 octubre de 2024<br \/>\nUniversidad Nacional de La Plata<br \/>\nLa Plata<\/p>\n\t\t<\/div>\n\t\t\t\t<\/div>\n\t\t\t\t\t<\/div>\n\t\t<\/article>\n\t\t\t\t<article class=\"elementor-post elementor-grid-item post-23594 post type-post status-publish format-standard has-post-thumbnail hentry category-conferencias-investigacion category-novedades tag-prensa-investigacion\">\n\t\t\t<div class=\"elementor-post__card\">\n\t\t\t\t<a class=\"elementor-post__thumbnail__link\" href=\"https:\/\/www.fi.uncoma.edu.ar\/index.php\/novedades\/xix-congreso-de-tecnologia-en-educacion-educacion-en-tecnologia-teet-2024\/\" ><div class=\"elementor-post__thumbnail\"><img width=\"300\" height=\"300\" src=\"https:\/\/www.fi.uncoma.edu.ar\/wp-content\/uploads\/2024\/02\/Conference-rafiki-300x300.png\" class=\"attachment-medium size-medium\" alt=\"\" loading=\"lazy\" srcset=\"https:\/\/www.fi.uncoma.edu.ar\/wp-content\/uploads\/2024\/02\/Conference-rafiki-300x300.png 300w, https:\/\/www.fi.uncoma.edu.ar\/wp-content\/uploads\/2024\/02\/Conference-rafiki-1024x1024.png 1024w, https:\/\/www.fi.uncoma.edu.ar\/wp-content\/uploads\/2024\/02\/Conference-rafiki-150x150.png 150w, https:\/\/www.fi.uncoma.edu.ar\/wp-content\/uploads\/2024\/02\/Conference-rafiki-768x768.png 768w, https:\/\/www.fi.uncoma.edu.ar\/wp-content\/uploads\/2024\/02\/Conference-rafiki-1536x1536.png 1536w, https:\/\/www.fi.uncoma.edu.ar\/wp-content\/uploads\/2024\/02\/Conference-rafiki.png 2000w\" sizes=\"(max-width: 300px) 100vw, 300px\" \/><\/div><\/a>\n\t\t\t\t<div class=\"elementor-post__text\">\n\t\t\t\t<h3 class=\"elementor-post__title\">\n\t\t\t<a href=\"https:\/\/www.fi.uncoma.edu.ar\/index.php\/novedades\/xix-congreso-de-tecnologia-en-educacion-educacion-en-tecnologia-teet-2024\/\" >\n\t\t\t\tXIX Congreso de Tecnolog\u00eda en Educaci\u00f3n &#038; Educaci\u00f3n en Tecnolog\u00eda &#8211; TE&#038;ET 2024\t\t\t<\/a>\n\t\t<\/h3>\n\t\t\t\t<div class=\"elementor-post__excerpt\">\n\t\t\t<p>13 y 14 junio de 2024<br \/>\nUniversidad de Mor\u00f3n<br \/>\nCiudad Aut\u00f3noma de Buenos Aires<\/p>\n\t\t<\/div>\n\t\t\t\t<\/div>\n\t\t\t\t\t<\/div>\n\t\t<\/article>\n\t\t\t\t<article class=\"elementor-post elementor-grid-item post-23587 post type-post status-publish format-standard has-post-thumbnail hentry category-conferencias-investigacion category-novedades tag-prensa-investigacion\">\n\t\t\t<div class=\"elementor-post__card\">\n\t\t\t\t<a class=\"elementor-post__thumbnail__link\" href=\"https:\/\/www.fi.uncoma.edu.ar\/index.php\/novedades\/xxvi-workshop-de-investigadores-en-ciencias-de-la-computacion-wicc-2024\/\" ><div class=\"elementor-post__thumbnail\"><img width=\"300\" height=\"300\" src=\"https:\/\/www.fi.uncoma.edu.ar\/wp-content\/uploads\/2024\/02\/Conference-rafiki-300x300.png\" class=\"attachment-medium size-medium\" alt=\"\" loading=\"lazy\" srcset=\"https:\/\/www.fi.uncoma.edu.ar\/wp-content\/uploads\/2024\/02\/Conference-rafiki-300x300.png 300w, https:\/\/www.fi.uncoma.edu.ar\/wp-content\/uploads\/2024\/02\/Conference-rafiki-1024x1024.png 1024w, https:\/\/www.fi.uncoma.edu.ar\/wp-content\/uploads\/2024\/02\/Conference-rafiki-150x150.png 150w, https:\/\/www.fi.uncoma.edu.ar\/wp-content\/uploads\/2024\/02\/Conference-rafiki-768x768.png 768w, https:\/\/www.fi.uncoma.edu.ar\/wp-content\/uploads\/2024\/02\/Conference-rafiki-1536x1536.png 1536w, https:\/\/www.fi.uncoma.edu.ar\/wp-content\/uploads\/2024\/02\/Conference-rafiki.png 2000w\" sizes=\"(max-width: 300px) 100vw, 300px\" \/><\/div><\/a>\n\t\t\t\t<div class=\"elementor-post__text\">\n\t\t\t\t<h3 class=\"elementor-post__title\">\n\t\t\t<a href=\"https:\/\/www.fi.uncoma.edu.ar\/index.php\/novedades\/xxvi-workshop-de-investigadores-en-ciencias-de-la-computacion-wicc-2024\/\" >\n\t\t\t\tXXVI Workshop de Investigadores en Ciencias de la Computaci\u00f3n &#8211; WICC 2024\t\t\t<\/a>\n\t\t<\/h3>\n\t\t\t\t<div class=\"elementor-post__excerpt\">\n\t\t\t<p>18 y 19 abril de 2024<br \/>\nUniversidad Nacional de la Patagonia San Juan Bosco<br \/>\nPuerto Madryn &#8211; Chubut<\/p>\n\t\t<\/div>\n\t\t\t\t<\/div>\n\t\t\t\t\t<\/div>\n\t\t<\/article>\n\t\t\t\t<\/div>\n\n\n\t\t\n\t\t\t\t<\/div>\n\t\t\t\t<\/div>\n\t\t\t\t<div class=\"elementor-element elementor-element-3c8c5bd elementor-align-center elementor-widget elementor-widget-button\" data-id=\"3c8c5bd\" data-element_type=\"widget\" data-widget_type=\"button.default\">\n\t\t\t\t<div class=\"elementor-widget-container\">\n\t\t\t\t\t<div class=\"elementor-button-wrapper\">\n\t\t\t<a href=\"https:\/\/www.fi.uncoma.edu.ar\/index.php\/investigacion\/\" class=\"elementor-button-link elementor-button elementor-size-sm\" role=\"button\">\n\t\t\t\t\t\t<span class=\"elementor-button-content-wrapper\">\n\t\t\t\t\t\t<span class=\"elementor-button-text\">Volver a investigaci\u00f3n<\/span>\n\t\t<\/span>\n\t\t\t\t\t<\/a>\n\t\t<\/div>\n\t\t\t\t<\/div>\n\t\t\t\t<\/div>\n\t\t\t\t\t<\/div>\n\t\t<\/div>\n\t\t\t\t\t\t\t<\/div>\n\t\t<\/section>\n\t\t\t\t\t\t\t<\/div>\n\t\t","protected":false},"excerpt":{"rendered":"<p>Conferencias Pr\u00f3ximos eventos Volver a investigaci\u00f3n<\/p>\n","protected":false},"author":1,"featured_media":0,"parent":0,"menu_order":0,"comment_status":"closed","ping_status":"closed","template":"elementor_header_footer","meta":{"site-sidebar-layout":"default","site-content-layout":"default","ast-global-header-display":"","ast-main-header-display":"","ast-hfb-above-header-display":"","ast-hfb-below-header-display":"","ast-hfb-mobile-header-display":"","site-post-title":"","ast-breadcrumbs-content":"","ast-featured-img":"","footer-sml-layout":"","theme-transparent-header-meta":"","adv-header-id-meta":"","stick-header-meta":"","header-above-stick-meta":"","header-main-stick-meta":"","header-below-stick-meta":""},"uagb_featured_image_src":{"full":false,"thumbnail":false,"medium":false,"medium_large":false,"large":false,"1536x1536":false,"2048x2048":false},"uagb_author_info":{"display_name":"ufai","author_link":"https:\/\/www.fi.uncoma.edu.ar\/index.php\/author\/ufai\/"},"uagb_comment_info":0,"uagb_excerpt":"Conferencias Pr\u00f3ximos eventos Volver a investigaci\u00f3n","_links":{"self":[{"href":"https:\/\/www.fi.uncoma.edu.ar\/index.php\/wp-json\/wp\/v2\/pages\/700"}],"collection":[{"href":"https:\/\/www.fi.uncoma.edu.ar\/index.php\/wp-json\/wp\/v2\/pages"}],"about":[{"href":"https:\/\/www.fi.uncoma.edu.ar\/index.php\/wp-json\/wp\/v2\/types\/page"}],"author":[{"embeddable":true,"href":"https:\/\/www.fi.uncoma.edu.ar\/index.php\/wp-json\/wp\/v2\/users\/1"}],"replies":[{"embeddable":true,"href":"https:\/\/www.fi.uncoma.edu.ar\/index.php\/wp-json\/wp\/v2\/comments?post=700"}],"version-history":[{"count":31,"href":"https:\/\/www.fi.uncoma.edu.ar\/index.php\/wp-json\/wp\/v2\/pages\/700\/revisions"}],"predecessor-version":[{"id":23689,"href":"https:\/\/www.fi.uncoma.edu.ar\/index.php\/wp-json\/wp\/v2\/pages\/700\/revisions\/23689"}],"wp:attachment":[{"href":"https:\/\/www.fi.uncoma.edu.ar\/index.php\/wp-json\/wp\/v2\/media?parent=700"}],"curies":[{"name":"wp","href":"https:\/\/api.w.org\/{rel}","templated":true}]}}